 of y.
3
Let v(i) = -8*i. Let s be v(-3). Suppose -3*c + s = -4*d, -2*c + 3 = 5*d - 13. List the prime factors of c.
2
Let r(j) = 4*j - 1. Let d be r(-1). Let i = d + 9. What are the prime factors of 34/i + 4/(-8)?
2
Let n(t) = -t**3 - 11*t**2 - t - 15. Let a be n(-11). Let s = a - 0. What are the prime factors of (s/10)/((-1)/15)?
2, 3
Suppose 5*m + 5*k - 95 = -0*m, -2 = 2*k. List the prime factors of m.
2, 5
Suppose -5*b + 190 = w + 2*w, b = -3*w + 50. List the prime factors of b.
5, 7
Let k(q) = 2*q**2 + 4*q + 1. List the prime factors of k(3).
31
Let r(n) = 3*n. Let t be r(1). Let m be t + -1 - (0 - 3). Suppose -4*a - j + 24 = -15, 0 = -4*a + m*j + 69. What are the prime factors of a?
11
Let w(j) = -j**3 + 13*j**2 + 20*j - 5. What are the prime factors of w(14)?
79
Suppose -2*t - 3*t = 0. Suppose 0*o + 3*o - 33 = t. What are the prime factors of o?
11
Let y(i) = 2*i - 4*i - 4*i + i. List the prime factors of y(-4).
2, 5
Let r be ((-6)/(-9))/((-2)/(-6)). Suppose r*l + 3*l - 49 = -2*q, 5*l - 5*q = 70. What are the prime factors of l?
11
Let y = -137 + 178. What are the prime factors of y?
41
List the prime factors of (1 - -1) + (-3 - -51).
2, 5
Let w(b) = 5*b**3 - 6*b**2 + 4*b + 9. What are the prime factors of w(4)?
3, 83
Let y(j) = 15*j + 1. Suppose 11 = 3*b + 8. List the prime factors of y(b).
2
Suppose 175 = f + 5*z, 5*f + 0*z = 3*z + 819. What are the prime factors of f?
3, 5, 11
Let t(p) = p + 8. Let l be t(-8). Suppose l = h - 2 + 53. Let u = h - -73. What are the prime factors of u?
2, 11
What are the prime factors of 4/18 - (5284/(-36) - -4)?
11, 13
Let u(y) = -y**3 - 4*y**2 - y + 1. Let n be u(-4). Let x(i) = i**2 - 3*i + 5. List the prime factors of x(n).
3, 5
Let d = 37 + -21. Suppose -4*s - 5*y = -3*y - 24, 2*s + 3*y = d. Suppose s*g = 2*g + 45. What are the prime factors of g?
3, 5
Let m(u) = -u + 8. Let f(v) = -2*v + 17. Let q(w) = -4*f(w) + 9*m(w). List the prime factors of q(-5).
3
Let r(x) = -x**3 - 3*x**2 - 4*x - 4. Let o be r(-4). Suppose -2*b = -o + 70. List the prime factors of b/35 + (-68)/(-5).
13
Let d(w) = 2*w + 1 + 13*w - 5*w - w**2. What are the prime factors of d(8)?
17
Let b = 9 - 9. Suppose 5*o - 9 - 21 = b. Let f = 0 + o. List the prime factors of f.
2, 3
Suppose -3*v + 14 = -76. List the prime factors of v.
2, 3, 5
Let b(q) = q**3 + 5*q**2 - 2*q - 3. Suppose -7*c + 3*c = -8. Suppose -21 = 5*p - c*y, -p = 2*y + 11 - 2. What are the prime factors of b(p)?
7
Let t(b) = -b**3 - 3*b**2 - 5*b - 2. List the prime factors of t(-4).
2, 17
Let n be -5*(-5)/(15/(-9)). Let y = n + 24. List the prime factors of y.
3
Suppose 0 = 4*j - 3*j - 75. List the prime factors of j.
3, 5
Suppose -y - 2 = -0*y, -3*a - y + 79 = 0. List the prime factors of a.
3
Let w(r) = r + 4. Let v(q) = -q**3 + 11*q**2 - 10*q + 3. Let c be v(10). What are the prime factors of w(c)?
7
Suppose -5*c = 2*r - 7 - 114, 0 = 3*r + 4*c - 178. What are the prime factors of r?
2, 29
Let y be (-2)/(-9) - (-330)/(-27). Let u = y + 26. List the prime factors of u.
2, 7
Let x(s) = -s**2 + 2*s. Let w be x(3). What are the prime factors of 6*w/((-9)/3)?
2, 3
Let c be ((-126)/5)/(9/(-210)). List the prime factors of ((-3)/9)/((-4)/c).
7
Let f(j) = -j**2 - 8*j. Let q(t) = t**2 - 6*t + 2. Let l be q(4). Let v be f(l). Suppose -z + v = 2*z. List the prime factors of z.
2
Let x(o) = -o - 1. Let p be x(-4). Suppose -2*m - 5*q = -63, 4*q = -p*m - q + 82. Let b = m - 9. List the prime factors of b.
2, 5
Let n = 5 + -1. Suppose r + 12 = n*r. Suppose -27 = -r*x + 21. List the prime factors of x.
2, 3
List the prime factors of 3*10*1*24/10.
2, 3
Suppose -w + 5*w = 240. What are the prime factors of w?
2, 3, 5
Let s(m) = 4 - 8*m**3 - 4*m + 2*m**2 - 8*m**2 + 6*m**3. List the prime factors of s(-4).
2, 13
Suppose s = 1 + 3. Suppose 0 = -5*q + 5*b + 15, -5*q - 5*b + 3*b - 6 = 0. Suppose -f = 3*u - 6, -s*f - 2*u + 5*u + 84 = q. What are the prime factors of f?
2, 3
Suppose 4*v = 4*o + 20, -6 = 3*o + 9. List the prime factors of 0 - (-2 - 0) - v.
2
Suppose 5 = -d + 2. Suppose 0 = 4*c - 24 + 8. What are the prime factors of c/(-12) - 28/d?
3
Let l = 0 - -2. Suppose l*x + 2*x - 32 = 0. List the prime factors of x.
2
Let i = -215 + 389. List the prime factors of i.
2, 3, 29
Let h = -26 + 3. Let p = -10 - h. List the prime factors of p.
13
Let t(g) be the third derivative of -g**4/24 - 4*g**2. Let l be t(3). List the prime factors of l/(-2) - 105/(-6).
19
Suppose 2*z + 27 = -5. Let f = -8 - z. Let g = f - -6. What are the prime factors of g?
2, 7
Suppose -7 = -2*n + u, -4*n - 2*u = 2*u + 4. What are the prime factors of n?
2
Let h = 2 + -4. Let n = h - -6. Suppose -3*j - n*y = -59, y - 67 = -4*j - 2*y. What are the prime factors of j?
13
Suppose 111 = -4*r - 3*q, -3*r - 96 = q - 3*q. Let t be 25/r + (-2)/12. What are the prime factors of 14/(-6)*(t - 2)?
7
Let m be 0 - (0 - (-4 + 2)). Let c be m/(-6) + 26/(-6). What are the prime factors of (c/(-3))/((-6)/(-9))?
2
What are the prime factors of (20 - (1 + 1)) + -4?
2, 7
Let r = -41 - -67. List the prime factors of r.
2, 13
Suppose 54 = 4*u - 2*i, 4 = -u + 2*i - 5*i. Let y(t) = -t**2 + 11*t + 22. List the prime factors of y(u).
2, 11
Let z = 18 - 7. Let j = z - 0. What are the prime factors of j?
11
Suppose x - 8 - 20 = 0. What are the prime factors of x?
2, 7
Let m be 3 + (3/(-1) - -2). Let c = 7 + -2. Suppose -31 = -c*u - 3*j + 7*j, -4*j - 22 = -m*u. What are the prime factors of u?
3
Let l(i) = -2*i - 15. What are the prime factors of l(-10)?
5
Let p(c) = 0*c**2 + 4 + 2*c**2 + 3*c - c**2 - 5. List the prime factors of p(2).
3
Let c(n) = n + 10. Let f be (-1)/((3 + -2)/(-6)). Let j(h) = -h - 11. Let x(o) = f*j(o) + 7*c(o). What are the prime factors of x(7)?
11
Suppose 1 = -j + 3. Let m be (1 - j)*-2 - -2. Suppose -2*d + m*n + 14 = 0, 5*n + 23 = -3*d + 6*d. List the prime factors of d.
11
Let k(c) = 2*c**2 + 2*c - 13. List the prime factors of k(7).
3, 11
Suppose -5*m - 86 = -4*o, 0*m - 3*o + 15 = -m. Let g = m + 36. List the prime factors of g.
2, 3
What are the prime factors of (-555)/(-10) + 15/10?
3, 19
Suppose -78 = -0*k - 2*k. List the prime factors of k.
3, 13
Let d(r) = 3*r**2 + 9*r - 1. What are the prime factors of d(-4)?
11
Let j(u) = 195*u**2 - u + 1. List the prime factors of j(1).
3, 5, 13
List the prime factors of 46 - ((-6 - -3) + 7).
2, 3, 7
Let q = -6 - -6. Suppose q*p + 4*p = 64. List the prime factors of p.
2
Let d(u) = -u - 10. Let v = 12 - 21. Let q be d(v). What are the prime factors of (-301)/(-42) - q/(-6)?
7
Suppose 2*b - 4 = -4*o, 3*b - 2*b = -o + 3. Let y be (-1)/((-7 - -3) + 3). Let i = y - o. What are the prime factors of i?
2
Let r = -104 + 287. What are the prime factors of r?
3, 61
Let f(u) = u + 1. Let p = -2 + 5. List the prime factors of f(p).
2
Let m be 8 + -2 - (1 - -2). Suppose -3*x - 4*o = -33, -3*x + 4*o + 60 = m. List the prime factors of x.
3, 5
Suppose 151 - 53 = 7*f. List the prime factors of f.
2, 7
Let y = 201 + 12. What are the prime factors of y?
3, 71
Let k(y) = -10*y**3 + 2*y**2 + 2*y. Let p be k(2). Let n = -43 - p. What are the prime factors of n?
5
Let d(v) = -v**2 + 4*v - 4. Let z be d(3). Let q be (-3 - -10)*12/(-14). List the prime factors of q*2*1/z.
2, 3
Let h(j) be the third derivative of -j**6/120 - j**5/20 + j**4/3 + 7*j**3/6 + 2*j**2. Let o = -9 - -4. What are the prime factors of h(o)?
17
Suppose -5*b = -24 + 9. Suppose 0*j - 4*u + 12 = 4*j, u + 15 = 5*j. What are the prime factors of 5/((0 + b)/j)?
5
Let x(y) = 2*y - 4. Let l be x(4). Suppose -h - 5*k = 4*h, -h - l*k = 0. Let b = 9 - h. List the prime factors of b.
3
Let v(j) = j**3 - 3*j + 1. Let t be v(2). Suppose -q - t*d + 4 = -8, 2*q = -4*d + 18. List the prime factors of q.
3
Let u(c) = c**2 + 6*c - 4. Let z be u(-6). Let r(f) be the first derivative of -f**4/4 - f**3 - 2*f - 1. What are the prime factors of r(z)?
2, 7
Let w = 10 + 358. What are the prime factors of w?
2, 23
Let f be ((-20)/(-6))/((-2)/(-6)). Let b = -4 + f. Let d = 11 - b. List the prime factors of d.
5
List the prime factors of (-721 - 4)/(-5) + -3.
2, 71
Let g be 0/(-2*(0 + -1)). Suppose g*r = r. Suppose -2*c = -5*t - 18, -5*c + 2*t + 8 + 16 = r. List the prime factors of c.
2
Suppose -l = 21 - 66. List the prime factors of l.
3, 5
Let r = -